What is the remainder when 73105 is divided by 96?
49
What is the remainder when 31071698 is divided by 15535849?
0
Calculate the remainder when 2579473 is divided by 858358.
4399
What is the remainder when 5628466 is divided by 960?
946
What is the remainder when 90507 is divided by 29502?
2001
What is the remainder when 3208313 is divided by 232?
217
What is the remainder when 114345 is divided by 459?
54
What is the remainder when 312787 is divided by 7?
6
Calculate the remainder when 41608 is divided by 3142.
762
What is the remainder when 3760512 is divided by 235030?
32
What is the remainder when 48437 is divided by 24?
5
Calculate the remainder when 644810 is divided by 46057.
12
Calculate the remainder when 1310055 is divided by 18195.
15
Calculate the remainder when 2800537 is divided by 5046.
7
Calculate the remainder when 53402202 is divided by 86.
72
What is the remainder when 3139411 is divided by 767?
80
What is the remainder when 3410442 is divided by 3380?
22
What is the remainder when 1562304 is divided by 5808?
5760
What is the remainder when 1641128 is divided by 1755?
203
Calculate the remainder when 7636 is divided by 262.
38
Calculate the remainder when 115258 is divided by 5338.
3160
What is the remainder when 4273830 is divided by 31425?
30
Calculate the remainder when 406024 is divided by 190.
184
What is the remainder when 1533405 is divided by 9949?
1259
What is the remainder when 14152604 is divided by 3538149?
8
Calculate the remainder when 246515 is divided by 61530.
395
What is the remainder when 87613674 is divided by 3630?
3624
What is the remainder when 26540861 is divided by 26540850?
11
What is the remainder when 5670320 is divided by 999?
995
Calculate the remainder when 7558249 is divided by 629842.
145
Calculate the remainder when 3003053 is divided by 333671.
14
Calculate the remainder when 80755 is divided by 26870.
145
What is the remainder when 42063 is divided by 540?
483
What is the remainder when 10462509 is divided by 16?
13
Calculate the remainder when 171629 is divided by 24488.
213
Calculate the remainder when 382772 is divided by 7811.
33
What is the remainder when 529008 is divided by 4?
0
What is the remainder when 357813 is divided by 2090?
423
Calculate the remainder when 55093101 is divided by 19.
17
What is the remainder when 32938187 is divided by 1287?
1283
What is the remainder when 133696 is divided by 5006?
3540
What is the remainder when 1624904 is divided by 541598?
110
Calculate the remainder when 9712510 is divided by 60.
10
What is the remainder when 11012812 is divided by 3670925?
37
What is the remainder when 73756796 is divided by 2080?
2076
What is the remainder when 2614849 is divided by 1326?
1303
What is the remainder when 9678291 is divided by 19?
14
What is the remainder when 481101 is divided by 96209?
56
Calculate the remainder when 3347 is divided by 1126.
1095
What is the remainder when 5918371 is divided by 442?
433
Calculate the remainder when 981329 is divided by 1245.
269
Calculate the remainder when 1771916 is divided by 442931.
192
Calculate the remainder when 22950 is divided by 1081.
249
Calculate the remainder when 956340 is divided by 549.
531
What is the remainder when 1222086 is divided by 5684?
26
What is the remainder when 67648 is divided by 721?
595
Calculate the remainder when 1936872 is divided by 968401.
70
What is the remainder when 43125 is divided by 14359?
48
Calculate the remainder when 2751767 is divided by 2751712.
55
Calculate the remainder when 2655588 is divided by 1327788.
12
Calculate the remainder when 4927031 is divided by 2463508.
15
Calculate the remainder when 173279851 is divided by 11551989.
16
What is the remainder when 11676468 is divided by 315579?
45
What is the remainder when 186916 is divided by 186422?
494
What is the remainder when 157794 is divided by 229?
13
What is the remainder when 8298223 is divided by 44?
43
What is the remainder when 367632 is divided by 3693?
2025
Calculate the remainder when 738200 is divided by 1737.
1712
What is the remainder when 163732 is divided by 147?
121
What is the remainder when 24989431 is divided by 2438?
2369
What is the remainder when 78688977 is divided by 45?
42
What is the remainder when 13959 is divided by 12216?
1743
Calculate the remainder when 2496981 is divided by 1037.
922
What is the remainder when 1851173 is divided by 617056?
5
Calculate the remainder when 7661421 is divided by 17.
14
What is the remainder when 43952 is divided by 6815?
3062
What is the remainder when 120626814 is divided by 70?
14
Calculate the remainder when 58001 is divided by 2739.
482
Calculate the remainder when 61655783 is divided by 942.
941
Calculate the remainder when 535509 is divided by 1834.
1815
What is the remainder when 26895803 is divided by 4814?
4799
Calculate the remainder when 128522894 is divided by 5355119.
38
Calculate the remainder when 1297181 is divided by 121.
61
What is the remainder when 56270897 is divided by 155?
7
What is the remainder when 87357750 is divided by 14559624?
6
What is the remainder when 1328142 is divided by 208?
62
What is the remainder when 305531 is divided by 64?
59
What is the remainder when 102913 is divided by 977?
328
Calculate the remainder when 52040106 is divided by 1964.
1962
Calculate the remainder when 156051 is divided by 300.
51
Calculate the remainder when 99370 is divided by 1209.
232
What is the remainder when 543324 is divided by 5631?
2748
Calculate the remainder when 606957 is divided by 1510.
1447
Calculate the remainder when 261068 is divided by 1764.
1760
Calculate the remainder when 25269125 is divided by 114.
113
What is the remainder when 638741 is divided by 110?
81
Calculate the remainder when 28641333 is divided by 31.
30
Calculate the remainder when 6882655 is divided by 28.
3
What is the remainder when 30863 is divided by 175?
63
Calculate the remainder when 357355 is divided by 782.
763
Calculate the remainder when 2860768 is divided by 19.
14
What is the remainder when 5742558 is divided by 1436?
1430
Calculate the remainder when 11642 is divided by 156.
98
Calculate the remainder when 3743407 is divided by 39403.
122
Calculate the remainder when 32918816 is divided by 463.
442
Calculate the remainder when 48747 is divided by 1509.
459
Calculate the remainder when 1074997 is divided by 2046.
847
What is the remainder when 45956 is divided by 15012?
920
What is the remainder when 163082 is divided by 908?
550
What is the remainder when 26844 is divided by 30?
24
Calculate the remainder when 234282 is divided by 113.
33
What is the remainder when 1457248 is divided by 4286?
8
What is the remainder when 207565 is divided by 777?
106
What is the remainder when 822825 is divided by 7287?
6681
Calculate the remainder when 12300995 is divided by 2050161.
29
What is the remainder when 44533496 is divided by 11?
7
Calculate the remainder when 21389659 is divided by 1645357.
18
What is the remainder when 1051450 is divided by 437?
28
Calculate the remainder when 624265 is divided by 187.
59
What is the remainder when 6775294 is divided by 25?
19
Calculate the remainder when 35085 is divided by 17512.
61
What is the remainder when 4743001 is divided by 281?
2
What is the remainder when 3003791 is divided by 2407?
2262
What is the remainder when 1114601 is divided by 139321?
33
Calculate the remainder when 612996 is divided by 3005.
2981
Calculate the remainder when 623263 is divided by 3122.
1985
What is the remainder when 48923 is divided by 79?
22
What is the remainder when 394177 is divided by 195117?
3943
Calculate the remainder when 2683600 is divided by 129.
13
Calculate the remainder when 17340 is divided by 9350.
7990
Calculate the remainder when 979382 is divided by 185.
177
Calculate the remainder when 5184742 is divided by 772.
762
What is the remainder when 536820 is divided by 1278?
60
What is the remainder when 315702 is divided by 78560?
1462
Calculate the remainder when 13128 is divided by 221.
89
What is the remainder when 23404 is divided by 11267?
870
What is the remainder when 954618 is divided by 159085?
108
What is the remainder when 61972 is divided by 8843?
71
Calculate the remainder when 30563 is divi